{"id":3135,"date":"2021-06-22T11:25:45","date_gmt":"2021-06-22T11:25:45","guid":{"rendered":"https:\/\/promo-theme.com\/novo\/?page_id=3135"},"modified":"2021-06-22T11:25:45","modified_gmt":"2021-06-22T11:25:45","slug":"col-6","status":"publish","type":"page","link":"https:\/\/arvideo.cl\/index.php\/gallery\/grid\/col-6\/","title":{"rendered":"Col 6"},"content":{"rendered":"<p>[vc_row full_width=&#8221;stretch_row_content&#8221; uniqid=&#8221;60d1c8cf1d8fe&#8221;][vc_column][vc_custom_heading text=&#8221;Gallery&#8221; font_container=&#8221;tag:h2|text_align:center&#8221; use_theme_fonts=&#8221;yes&#8221; decor_line=&#8221;on&#8221;]\r\n\t\t<div class=\"portfolio-block portfolio-block-59c3651ca7662\" data-popup-settings=\"{&quot;popupTitle&quot;:false,&quot;popupDesc&quot;:false}\">\r\n\t\t\t\t\t\t\t\t\t<div class=\"filter-buttons filter-button-group tac\">\r\n\t\t\t<div class=\"wrap\">\r\n\t\t\t\t<button class=\"button active\" data-filter=\"*\">\r\n\t\t\t\t\t<span>Todo<\/span>\r\n\t\t\t\t<\/button>\r\n\t\t\t\t\t\t\t\t\t<button class=\"button\" data-filter=\".category-9\">\r\n\t\t\t\t\t\t<span>Corporativos<\/span>\r\n\t\t\t\t\t<\/button>\r\n\t\t\t\t\t\t\t\t\t<button class=\"button\" data-filter=\".category-32\">\r\n\t\t\t\t\t\t<span>Producciones<\/span>\r\n\t\t\t\t\t<\/button>\r\n\t\t\t\t\t\t\t\t\t<button class=\"button\" data-filter=\".category-12\">\r\n\t\t\t\t\t\t<span>Promocionales<\/span>\r\n\t\t\t\t\t<\/button>\r\n\t\t\t\t\t\t\t<\/div>\r\n\t\t<\/div>\r\n\t\t\t\t\t\t<div class=\"portfolio-items portfolio-type-grid load-wrap portfolio_hover_type_1 row\">\r\n\t\t\t\t\t\t\t<article class=\"portfolio-item col-12 col-sm-4 col-lg-3 col-xl-2 portfolio-grid-item category-32\">\r\n\t\t\t<div class=\"wrap\">\r\n\t\t\t\t\t\t\t\t\t<div class=\"a-img\" data-original=\"https:\/\/arvideo.cl\/wp-content\/uploads\/2018\/10\/vicente-rojas-vitreaux.png\">\r\n\t\t\t\t\t\t<div style=\"background-image: url(https:\/\/arvideo.cl\/wp-content\/uploads\/2018\/10\/vicente-rojas-vitreaux-1024x569.png);\"><\/div>\r\n            \t\t\t\t\t<\/div>\r\n\t\t\t\t\t\t\t\t<div class=\"content\">\r\n\t\t\t\t\t\t\t\t<h5>Vicente Rojas - Vitreaux<\/h5>\r\n\t\t\t\t\t\t\t\t\t\t\t<\/div>\r\n                  <a class=\"link\" href=\"https:\/\/arvideo.cl\/index.php\/pt-portfolio\/vicente-rojas-vitreaux\/\" target=\"_self\" ><\/a>        \t\t\t<\/div>\r\n\t\t<\/article>\r\n\t\t\t\t<article class=\"portfolio-item col-12 col-sm-4 col-lg-3 col-xl-2 portfolio-grid-item category-32\">\r\n\t\t\t<div class=\"wrap\">\r\n\t\t\t\t\t\t\t\t\t<div class=\"a-img\" data-original=\"https:\/\/arvideo.cl\/wp-content\/uploads\/2017\/09\/15.png\">\r\n\t\t\t\t\t\t<div style=\"background-image: url(https:\/\/arvideo.cl\/wp-content\/uploads\/2017\/09\/15-1024x576.png);\"><\/div>\r\n            \t\t\t\t\t<\/div>\r\n\t\t\t\t\t\t\t\t<div class=\"content\">\r\n\t\t\t\t\t\t\t\t<h5>Sergio Godoy - Talabartero<\/h5>\r\n\t\t\t\t\t\t\t\t\t\t\t<\/div>\r\n                  <a class=\"link\" href=\"https:\/\/arvideo.cl\/index.php\/pt-portfolio\/sergio-godoy-talabartero\/\" target=\"_self\" ><\/a>        \t\t\t<\/div>\r\n\t\t<\/article>\r\n\t\t\t\t<article class=\"portfolio-item col-12 col-sm-4 col-lg-3 col-xl-2 portfolio-grid-item category-32\">\r\n\t\t\t<div class=\"wrap\">\r\n\t\t\t\t\t\t\t\t\t<div class=\"a-img\" data-original=\"https:\/\/arvideo.cl\/wp-content\/uploads\/2018\/10\/Pedro-Lizana-orfebre.png\">\r\n\t\t\t\t\t\t<div style=\"background-image: url(https:\/\/arvideo.cl\/wp-content\/uploads\/2018\/10\/Pedro-Lizana-orfebre-1024x573.png);\"><\/div>\r\n            \t\t\t\t\t<\/div>\r\n\t\t\t\t\t\t\t\t<div class=\"content\">\r\n\t\t\t\t\t\t\t\t<h5>Pedro Lizana - Orfebre<\/h5>\r\n\t\t\t\t\t\t\t\t\t\t\t<\/div>\r\n                  <a class=\"link\" href=\"https:\/\/arvideo.cl\/index.php\/pt-portfolio\/pedro-lizana-orfebre\/\" target=\"_self\" ><\/a>        \t\t\t<\/div>\r\n\t\t<\/article>\r\n\t\t\t\t<article class=\"portfolio-item col-12 col-sm-4 col-lg-3 col-xl-2 portfolio-grid-item category-32\">\r\n\t\t\t<div class=\"wrap\">\r\n\t\t\t\t\t\t\t\t\t<div class=\"a-img\" data-original=\"https:\/\/arvideo.cl\/wp-content\/uploads\/2017\/09\/14.png\">\r\n\t\t\t\t\t\t<div style=\"background-image: url(https:\/\/arvideo.cl\/wp-content\/uploads\/2017\/09\/14-1024x577.png);\"><\/div>\r\n            \t\t\t\t\t<\/div>\r\n\t\t\t\t\t\t\t\t<div class=\"content\">\r\n\t\t\t\t\t\t\t\t<h5>Patricio Barragan - Forja de Metales<\/h5>\r\n\t\t\t\t\t\t\t\t\t\t\t<\/div>\r\n                  <a class=\"link\" href=\"https:\/\/arvideo.cl\/index.php\/pt-portfolio\/patricio-barragan-forja\/\" target=\"_self\" ><\/a>        \t\t\t<\/div>\r\n\t\t<\/article>\r\n\t\t\t\t<article class=\"portfolio-item col-12 col-sm-4 col-lg-3 col-xl-2 portfolio-grid-item category-32\">\r\n\t\t\t<div class=\"wrap\">\r\n\t\t\t\t\t\t\t\t\t<div class=\"a-img\" data-original=\"https:\/\/arvideo.cl\/wp-content\/uploads\/2017\/09\/13.png\">\r\n\t\t\t\t\t\t<div style=\"background-image: url(https:\/\/arvideo.cl\/wp-content\/uploads\/2017\/09\/13-1024x575.png);\"><\/div>\r\n            \t\t\t\t\t<\/div>\r\n\t\t\t\t\t\t\t\t<div class=\"content\">\r\n\t\t\t\t\t\t\t\t<h5>Cristian Garrido - Tallador<\/h5>\r\n\t\t\t\t\t\t\t\t\t\t\t<\/div>\r\n                  <a class=\"link\" href=\"https:\/\/arvideo.cl\/index.php\/pt-portfolio\/cristian-garrido-tallador\/\" target=\"_self\" ><\/a>        \t\t\t<\/div>\r\n\t\t<\/article>\r\n\t\t\t\t<article class=\"portfolio-item col-12 col-sm-4 col-lg-3 col-xl-2 portfolio-grid-item category-32\">\r\n\t\t\t<div class=\"wrap\">\r\n\t\t\t\t\t\t\t\t\t<div class=\"a-img\" data-original=\"https:\/\/arvideo.cl\/wp-content\/uploads\/2017\/09\/12.png\">\r\n\t\t\t\t\t\t<div style=\"background-image: url(https:\/\/arvideo.cl\/wp-content\/uploads\/2017\/09\/12-1024x579.png);\"><\/div>\r\n            \t\t\t\t\t<\/div>\r\n\t\t\t\t\t\t\t\t<div class=\"content\">\r\n\t\t\t\t\t\t\t\t<h5>Gomitas de Agar Agar<\/h5>\r\n\t\t\t\t\t\t\t\t\t\t\t<\/div>\r\n                  <a class=\"link\" href=\"https:\/\/arvideo.cl\/index.php\/pt-portfolio\/gomitas-de-agar-agar\/\" target=\"_self\" ><\/a>        \t\t\t<\/div>\r\n\t\t<\/article>\r\n\t\t\t\t<article class=\"portfolio-item col-12 col-sm-4 col-lg-3 col-xl-2 portfolio-grid-item category-32\">\r\n\t\t\t<div class=\"wrap\">\r\n\t\t\t\t\t\t\t\t\t<div class=\"a-img\" data-original=\"https:\/\/arvideo.cl\/wp-content\/uploads\/2017\/09\/11.png\">\r\n\t\t\t\t\t\t<div style=\"background-image: url(https:\/\/arvideo.cl\/wp-content\/uploads\/2017\/09\/11-1024x575.png);\"><\/div>\r\n            \t\t\t\t\t<\/div>\r\n\t\t\t\t\t\t\t\t<div class=\"content\">\r\n\t\t\t\t\t\t\t\t<h5>Paletas de Fruta<\/h5>\r\n\t\t\t\t\t\t\t\t\t\t\t<\/div>\r\n                  <a class=\"link\" href=\"https:\/\/arvideo.cl\/index.php\/pt-portfolio\/paletas-de-fruta\/\" target=\"_self\" ><\/a>        \t\t\t<\/div>\r\n\t\t<\/article>\r\n\t\t\t\t<article class=\"portfolio-item col-12 col-sm-4 col-lg-3 col-xl-2 portfolio-grid-item category-32\">\r\n\t\t\t<div class=\"wrap\">\r\n\t\t\t\t\t\t\t\t\t<div class=\"a-img\" data-original=\"https:\/\/arvideo.cl\/wp-content\/uploads\/2017\/09\/10.png\">\r\n\t\t\t\t\t\t<div style=\"background-image: url(https:\/\/arvideo.cl\/wp-content\/uploads\/2017\/09\/10-1024x575.png);\"><\/div>\r\n            \t\t\t\t\t<\/div>\r\n\t\t\t\t\t\t\t\t<div class=\"content\">\r\n\t\t\t\t\t\t\t\t<h5>Tarta Crudivegana<\/h5>\r\n\t\t\t\t\t\t\t\t\t\t\t<\/div>\r\n                  <a class=\"link\" href=\"https:\/\/arvideo.cl\/index.php\/pt-portfolio\/tarta-crudivegana\/\" target=\"_self\" ><\/a>        \t\t\t<\/div>\r\n\t\t<\/article>\r\n\t\t\t\t<article class=\"portfolio-item col-12 col-sm-4 col-lg-3 col-xl-2 portfolio-grid-item category-32\">\r\n\t\t\t<div class=\"wrap\">\r\n\t\t\t\t\t\t\t\t\t<div class=\"a-img\" data-original=\"https:\/\/arvideo.cl\/wp-content\/uploads\/2017\/09\/rollitos-de-fruta.png\">\r\n\t\t\t\t\t\t<div style=\"background-image: url(https:\/\/arvideo.cl\/wp-content\/uploads\/2017\/09\/rollitos-de-fruta-1024x575.png);\"><\/div>\r\n            \t\t\t\t\t<\/div>\r\n\t\t\t\t\t\t\t\t<div class=\"content\">\r\n\t\t\t\t\t\t\t\t<h5>La Cocina de Atma<\/h5>\r\n\t\t\t\t\t\t\t\t\t\t\t<\/div>\r\n                  <a class=\"link\" href=\"https:\/\/arvideo.cl\/index.php\/pt-portfolio\/rollitos-de-fruta-2\/\" target=\"_self\" ><\/a>        \t\t\t<\/div>\r\n\t\t<\/article>\r\n\t\t\t\t<article class=\"portfolio-item col-12 col-sm-4 col-lg-3 col-xl-2 portfolio-grid-item category-9\">\r\n\t\t\t<div class=\"wrap\">\r\n\t\t\t\t\t\t\t\t\t<div class=\"a-img\" data-original=\"https:\/\/arvideo.cl\/wp-content\/uploads\/2017\/09\/9.png\">\r\n\t\t\t\t\t\t<div style=\"background-image: url(https:\/\/arvideo.cl\/wp-content\/uploads\/2017\/09\/9.png);\"><\/div>\r\n            \t\t\t\t\t<\/div>\r\n\t\t\t\t\t\t\t\t<div class=\"content\">\r\n\t\t\t\t\t\t\t\t<h5>Campa\u00f1as de Salud Hospital El Carmen<\/h5>\r\n\t\t\t\t\t\t\t\t\t\t\t<\/div>\r\n                  <a class=\"link\" href=\"https:\/\/arvideo.cl\/index.php\/pt-portfolio\/infografia-hec-1\/\" target=\"_self\" ><\/a>        \t\t\t<\/div>\r\n\t\t<\/article>\r\n\t\t\t\t<article class=\"portfolio-item col-12 col-sm-4 col-lg-3 col-xl-2 portfolio-grid-item category-9\">\r\n\t\t\t<div class=\"wrap\">\r\n\t\t\t\t\t\t\t\t\t<div class=\"a-img\" data-original=\"https:\/\/arvideo.cl\/wp-content\/uploads\/2017\/09\/8.png\">\r\n\t\t\t\t\t\t<div style=\"background-image: url(https:\/\/arvideo.cl\/wp-content\/uploads\/2017\/09\/8.png);\"><\/div>\r\n            \t\t\t\t\t<\/div>\r\n\t\t\t\t\t\t\t\t<div class=\"content\">\r\n\t\t\t\t\t\t\t\t<h5>Campa\u00f1as de Salud Hospital El Carmen<\/h5>\r\n\t\t\t\t\t\t\t\t\t\t\t<\/div>\r\n                  <a class=\"link\" href=\"https:\/\/arvideo.cl\/index.php\/pt-portfolio\/inforgrafia-hec-2\/\" target=\"_self\" ><\/a>        \t\t\t<\/div>\r\n\t\t<\/article>\r\n\t\t\t\t<article class=\"portfolio-item col-12 col-sm-4 col-lg-3 col-xl-2 portfolio-grid-item category-9\">\r\n\t\t\t<div class=\"wrap\">\r\n\t\t\t\t\t\t\t\t\t<div class=\"a-img\" data-original=\"https:\/\/arvideo.cl\/wp-content\/uploads\/2017\/09\/Infografia-hec.png\">\r\n\t\t\t\t\t\t<div style=\"background-image: url(https:\/\/arvideo.cl\/wp-content\/uploads\/2017\/09\/Infografia-hec.png);\"><\/div>\r\n            \t\t\t\t\t<\/div>\r\n\t\t\t\t\t\t\t\t<div class=\"content\">\r\n\t\t\t\t\t\t\t\t<h5>Campa\u00f1as de Salud Hospital El Carmen<\/h5>\r\n\t\t\t\t\t\t\t\t\t\t\t<\/div>\r\n                  <a class=\"link\" href=\"https:\/\/arvideo.cl\/index.php\/pt-portfolio\/infografia-hec-3\/\" target=\"_self\" ><\/a>        \t\t\t<\/div>\r\n\t\t<\/article>\r\n\t\t\t\t<article class=\"portfolio-item col-12 col-sm-4 col-lg-3 col-xl-2 portfolio-grid-item category-9\">\r\n\t\t\t<div class=\"wrap\">\r\n\t\t\t\t\t\t\t\t\t<div class=\"a-img\" data-original=\"https:\/\/arvideo.cl\/wp-content\/uploads\/2017\/09\/7.png\">\r\n\t\t\t\t\t\t<div style=\"background-image: url(https:\/\/arvideo.cl\/wp-content\/uploads\/2017\/09\/7-1024x573.png);\"><\/div>\r\n            \t\t\t\t\t<\/div>\r\n\t\t\t\t\t\t\t\t<div class=\"content\">\r\n\t\t\t\t\t\t\t\t<h5>Agencia Elefan - Cencosud Servicios de Animaci\u00f3n Gr\u00e1fica<\/h5>\r\n\t\t\t\t\t\t\t\t\t\t\t<\/div>\r\n                  <a class=\"link\" href=\"https:\/\/arvideo.cl\/index.php\/pt-portfolio\/corporativo-cencosud-scotiabank\/\" target=\"_self\" ><\/a>        \t\t\t<\/div>\r\n\t\t<\/article>\r\n\t\t\t\t<article class=\"portfolio-item col-12 col-sm-4 col-lg-3 col-xl-2 portfolio-grid-item category-9\">\r\n\t\t\t<div class=\"wrap\">\r\n\t\t\t\t\t\t\t\t\t<div class=\"a-img\" data-original=\"https:\/\/arvideo.cl\/wp-content\/uploads\/2017\/09\/6.png\">\r\n\t\t\t\t\t\t<div style=\"background-image: url(https:\/\/arvideo.cl\/wp-content\/uploads\/2017\/09\/6-1024x575.png);\"><\/div>\r\n            \t\t\t\t\t<\/div>\r\n\t\t\t\t\t\t\t\t<div class=\"content\">\r\n\t\t\t\t\t\t\t\t<h5>Agencia Elefan - Cencosud Servicios de Animaci\u00f3n Gr\u00e1fica<\/h5>\r\n\t\t\t\t\t\t\t\t\t\t\t<\/div>\r\n                  <a class=\"link\" href=\"https:\/\/arvideo.cl\/index.php\/pt-portfolio\/uhd-cencosud-proxy\/\" target=\"_self\" ><\/a>        \t\t\t<\/div>\r\n\t\t<\/article>\r\n\t\t\t\t<article class=\"portfolio-item col-12 col-sm-4 col-lg-3 col-xl-2 portfolio-grid-item category-9\">\r\n\t\t\t<div class=\"wrap\">\r\n\t\t\t\t\t\t\t\t\t<div class=\"a-img\" data-original=\"https:\/\/arvideo.cl\/wp-content\/uploads\/2022\/02\/animacion-baja-res.jpg\">\r\n\t\t\t\t\t\t<div style=\"background-image: url(https:\/\/arvideo.cl\/wp-content\/uploads\/2022\/02\/animacion-baja-res-1024x589.jpg);\"><\/div>\r\n            \t\t\t\t\t<\/div>\r\n\t\t\t\t\t\t\t\t<div class=\"content\">\r\n\t\t\t\t\t\t\t\t<h5>Agencia Elefan - Cencosud Servicios de Animaci\u00f3n Gr\u00e1fica<\/h5>\r\n\t\t\t\t\t\t\t\t\t\t\t<\/div>\r\n                  <a class=\"link\" href=\"https:\/\/arvideo.cl\/index.php\/pt-portfolio\/cencosud-2\/\" target=\"_self\" ><\/a>        \t\t\t<\/div>\r\n\t\t<\/article>\r\n\t\t\t\t<article class=\"portfolio-item col-12 col-sm-4 col-lg-3 col-xl-2 portfolio-grid-item category-12\">\r\n\t\t\t<div class=\"wrap\">\r\n\t\t\t\t\t\t\t\t\t<div class=\"a-img\" data-original=\"https:\/\/arvideo.cl\/wp-content\/uploads\/2017\/09\/5.png\">\r\n\t\t\t\t\t\t<div style=\"background-image: url(https:\/\/arvideo.cl\/wp-content\/uploads\/2017\/09\/5-1024x574.png);\"><\/div>\r\n            \t\t\t\t\t<\/div>\r\n\t\t\t\t\t\t\t\t<div class=\"content\">\r\n\t\t\t\t\t\t\t\t<h5>Proyecto Fungi: Proceso de Obra<\/h5>\r\n\t\t\t\t\t\t\t\t\t\t\t<\/div>\r\n                  <a class=\"link\" href=\"https:\/\/arvideo.cl\/index.php\/pt-portfolio\/proyecto-fungi-proceso-de-obra\/\" target=\"_self\" ><\/a>        \t\t\t<\/div>\r\n\t\t<\/article>\r\n\t\t\t\t<article class=\"portfolio-item col-12 col-sm-4 col-lg-3 col-xl-2 portfolio-grid-item category-12\">\r\n\t\t\t<div class=\"wrap\">\r\n\t\t\t\t\t\t\t\t\t<div class=\"a-img\" data-original=\"https:\/\/arvideo.cl\/wp-content\/uploads\/2017\/09\/provaltec.png\">\r\n\t\t\t\t\t\t<div style=\"background-image: url(https:\/\/arvideo.cl\/wp-content\/uploads\/2017\/09\/provaltec-1024x577.png);\"><\/div>\r\n            \t\t\t\t\t<\/div>\r\n\t\t\t\t\t\t\t\t<div class=\"content\">\r\n\t\t\t\t\t\t\t\t<h5>Promocional Provaltek - Pos Producci\u00f3n<\/h5>\r\n\t\t\t\t\t\t\t\t\t\t\t<\/div>\r\n                  <a class=\"link\" href=\"https:\/\/arvideo.cl\/index.php\/pt-portfolio\/promocional-provaltek-pos-produccion\/\" target=\"_self\" ><\/a>        \t\t\t<\/div>\r\n\t\t<\/article>\r\n\t\t\t\t<article class=\"portfolio-item col-12 col-sm-4 col-lg-3 col-xl-2 portfolio-grid-item category-12\">\r\n\t\t\t<div class=\"wrap\">\r\n\t\t\t\t\t\t\t\t\t<div class=\"a-img\" data-original=\"https:\/\/arvideo.cl\/wp-content\/uploads\/2017\/09\/abott-1.png\">\r\n\t\t\t\t\t\t<div style=\"background-image: url(https:\/\/arvideo.cl\/wp-content\/uploads\/2017\/09\/abott-1-1024x576.png);\"><\/div>\r\n            \t\t\t\t\t<\/div>\r\n\t\t\t\t\t\t\t\t<div class=\"content\">\r\n\t\t\t\t\t\t\t\t<h5>Campa\u00f1a Laboratorio Abbott<\/h5>\r\n\t\t\t\t\t\t\t\t\t\t\t<\/div>\r\n                  <a class=\"link\" href=\"https:\/\/arvideo.cl\/index.php\/pt-portfolio\/campana-laboratorio-abbott-3\/\" target=\"_self\" ><\/a>        \t\t\t<\/div>\r\n\t\t<\/article>\r\n\t\t\t\t<article class=\"portfolio-item col-12 col-sm-4 col-lg-3 col-xl-2 portfolio-grid-item category-12\">\r\n\t\t\t<div class=\"wrap\">\r\n\t\t\t\t\t\t\t\t\t<div class=\"a-img\" data-original=\"https:\/\/arvideo.cl\/wp-content\/uploads\/2018\/10\/4.png\">\r\n\t\t\t\t\t\t<div style=\"background-image: url(https:\/\/arvideo.cl\/wp-content\/uploads\/2018\/10\/4-1024x576.png);\"><\/div>\r\n            \t\t\t\t\t<\/div>\r\n\t\t\t\t\t\t\t\t<div class=\"content\">\r\n\t\t\t\t\t\t\t\t<h5>Campa\u00f1a Laboratorio ABBOTT - Fotograf\u00eda y Pos Producci\u00f3n<\/h5>\r\n\t\t\t\t\t\t\t\t\t\t\t<\/div>\r\n                  <a class=\"link\" href=\"https:\/\/arvideo.cl\/index.php\/pt-portfolio\/laboratorio-abbott\/\" target=\"_self\" ><\/a>        \t\t\t<\/div>\r\n\t\t<\/article>\r\n\t\t\t\t<article class=\"portfolio-item col-12 col-sm-4 col-lg-3 col-xl-2 portfolio-grid-item category-12\">\r\n\t\t\t<div class=\"wrap\">\r\n\t\t\t\t\t\t\t\t\t<div class=\"a-img\" data-original=\"https:\/\/arvideo.cl\/wp-content\/uploads\/2018\/10\/3.png\">\r\n\t\t\t\t\t\t<div style=\"background-image: url(https:\/\/arvideo.cl\/wp-content\/uploads\/2018\/10\/3-1024x576.png);\"><\/div>\r\n            \t\t\t\t\t<\/div>\r\n\t\t\t\t\t\t\t\t<div class=\"content\">\r\n\t\t\t\t\t\t\t\t<h5>Patrimonio Cultural<\/h5>\r\n\t\t\t\t\t\t\t\t\t\t\t<\/div>\r\n                  <a class=\"link\" href=\"https:\/\/arvideo.cl\/index.php\/pt-portfolio\/patrimonio-cultural\/\" target=\"_self\" ><\/a>        \t\t\t<\/div>\r\n\t\t<\/article>\r\n\t\t\t\t<article class=\"portfolio-item col-12 col-sm-4 col-lg-3 col-xl-2 portfolio-grid-item category-12\">\r\n\t\t\t<div class=\"wrap\">\r\n\t\t\t\t\t\t\t\t\t<div class=\"a-img\" data-original=\"https:\/\/arvideo.cl\/wp-content\/uploads\/2018\/10\/2.png\">\r\n\t\t\t\t\t\t<div style=\"background-image: url(https:\/\/arvideo.cl\/wp-content\/uploads\/2018\/10\/2-1024x572.png);\"><\/div>\r\n            \t\t\t\t\t<\/div>\r\n\t\t\t\t\t\t\t\t<div class=\"content\">\r\n\t\t\t\t\t\t\t\t<h5>Naturaleza End\u00e9mica<\/h5>\r\n\t\t\t\t\t\t\t\t\t\t\t<\/div>\r\n                  <a class=\"link\" href=\"https:\/\/arvideo.cl\/index.php\/pt-portfolio\/naturaleza-endemica\/\" target=\"_self\" ><\/a>        \t\t\t<\/div>\r\n\t\t<\/article>\r\n\t\t\t\t<article class=\"portfolio-item col-12 col-sm-4 col-lg-3 col-xl-2 portfolio-grid-item category-12\">\r\n\t\t\t<div class=\"wrap\">\r\n\t\t\t\t\t\t\t\t\t<div class=\"a-img\" data-original=\"https:\/\/arvideo.cl\/wp-content\/uploads\/2018\/10\/1.png\">\r\n\t\t\t\t\t\t<div style=\"background-image: url(https:\/\/arvideo.cl\/wp-content\/uploads\/2018\/10\/1-1024x580.png);\"><\/div>\r\n            \t\t\t\t\t<\/div>\r\n\t\t\t\t\t\t\t\t<div class=\"content\">\r\n\t\t\t\t\t\t\t\t<h5>Patrimonio Arquitect\u00f3nico<\/h5>\r\n\t\t\t\t\t\t\t\t\t\t\t<\/div>\r\n                  <a class=\"link\" href=\"https:\/\/arvideo.cl\/index.php\/pt-portfolio\/patrimonio-arquitectonico\/\" target=\"_self\" ><\/a>        \t\t\t<\/div>\r\n\t\t<\/article>\r\n\t\t\t\t\t\t<\/div>\r\n\t\t\t\t\t\t\t\t\t<\/div>\r\n    [\/vc_column][\/vc_row]<\/p>\n","protected":false},"excerpt":{"rendered":"<p>[vc_row full_width=&#8221;stretch_row_content&#8221; uniqid=&#8221;60d1c8cf1d8fe&#8221;][vc_column][vc_custom_heading text=&#8221;Gallery&#8221; font_container=&#8221;tag:h2|text_align:center&#8221; use_theme_fonts=&#8221;yes&#8221; decor_line=&#8221;on&#8221;][\/vc_column][\/vc_row]<\/p>\n","protected":false},"author":1,"featured_media":0,"parent":796,"menu_order":0,"comment_status":"closed","ping_status":"closed","template":"template-landing.php","meta":{"_acf_changed":false,"_monsterinsights_skip_tracking":false,"_monsterinsights_sitenote_active":false,"_monsterinsights_sitenote_note":"","_monsterinsights_sitenote_category":0,"footnotes":""},"class_list":["post-3135","page","type-page","status-publish","hentry"],"acf":[],"_links":{"self":[{"href":"https:\/\/arvideo.cl\/index.php\/wp-json\/wp\/v2\/pages\/3135","targetHints":{"allow":["GET"]}}],"collection":[{"href":"https:\/\/arvideo.cl\/index.php\/wp-json\/wp\/v2\/pages"}],"about":[{"href":"https:\/\/arvideo.cl\/index.php\/wp-json\/wp\/v2\/types\/page"}],"author":[{"embeddable":true,"href":"https:\/\/arvideo.cl\/index.php\/wp-json\/wp\/v2\/users\/1"}],"replies":[{"embeddable":true,"href":"https:\/\/arvideo.cl\/index.php\/wp-json\/wp\/v2\/comments?post=3135"}],"version-history":[{"count":0,"href":"https:\/\/arvideo.cl\/index.php\/wp-json\/wp\/v2\/pages\/3135\/revisions"}],"up":[{"embeddable":true,"href":"https:\/\/arvideo.cl\/index.php\/wp-json\/wp\/v2\/pages\/796"}],"wp:attachment":[{"href":"https:\/\/arvideo.cl\/index.php\/wp-json\/wp\/v2\/media?parent=3135"}],"curies":[{"name":"wp","href":"https:\/\/api.w.org\/{rel}","templated":true}]}}